- ((-12)/27)/(-4). Suppose -4*t = 2*g + 23 - 323, -s = -3*t + 2*g. Is t a multiple of 19?
True
Let x = -6 + 17. Is 21 a factor of 2/(2/x)*4?
False
Let j(a) = 8*a + 3. Let o be j(-3). Let g be (-9)/o + (-33)/(-21). Let x(w) = 2*w**3 - 2*w**2 + 2*w + 2. Is x(g) a multiple of 5?
False
Is -8 + (-3 - -6) - -60 a multiple of 13?
False
Suppose 0 = -5*r - 2*y + 20, 5*r = 3*r + 4*y + 8. Suppose 13 = -3*k - 5. Let q = r - k. Is 10 a factor of q?
True
Let t(p) = -p**3 - 15*p**2 + p. Let s be t(-16). Suppose -6*l + 3*l = -s. Is 23 a factor of l?
False
Suppose -3 = -j + 3. Let z = 64 + 8. Suppose -j*w = -4*w - z. Does 18 divide w?
True
Let a(o) = 80*o + 5. Let z be a(2). Suppose 16*r - 11*r = z. Is r a multiple of 11?
True
Let g = -17 + 0. Let t = g + 21. Suppose -2*d = r + 3*d - 34, -t*d = -2*r + 12. Is r a multiple of 7?
True
Let z(r) = -r + 14. Let l be z(10). Suppose -2*p + 10 = 2*m - 3*m, 4*m = -l*p - 4. Is (-190)/(-15)*(-18)/m a multiple of 19?
True
Let h(p) = p + 9. Let b be h(-7). Suppose 0 = 7*z - b*z - 285. Suppose -z = 5*t - 8*t. Is 10 a factor of t?
False
Let f be (-114)/(-36) + (-3)/18. Suppose -15 = -3*h, z + 4*h + h - 38 = 0. Let x = z + f. Does 8 divide x?
True
Let n be 2 + -2 - (-225 + -2 + 1). Let i = n - 66. Is 20 a factor of i?
True
Let x = 1262 + -873. Does 25 divide x?
False
Is (-42515)/(-105) - 2/(-21) a multiple of 61?
False
Let d(m) = -m - 5. Let q be d(-8). Does 38 divide ((-9)/6 + q)*(-1812)/(-18)?
False
Let k(i) = -23*i - 42 - 8*i - 11*i. Is 21 a factor of k(-7)?
True
Suppose -6*p = -3*p - 5*b + 125, 0 = -4*p - 2*b - 132. Is 8 a factor of (-1 + p/(-25))*(0 - -75)?
False
Let x(i) = 65*i + 77. Let v be x(-7). Let z = 589 + v. Is 13 a factor of z?
False
Let f(y) = y + 9. Let a(g) = -g**3 + 7*g**2 + 9*g - 2. Let w be a(8). Suppose 0*q - 2*q - w = 0. Is f(q) a multiple of 3?
True
Suppose -3*q + 20 = -8*q. Let f be 150/130 + q/26. Does 7 divide (4/(-4))/f - -8?
True
Let w(v) = -v - 1. Let x be w(6). Let c = 18 + x. Is c a multiple of 11?
True
Let t(l) = -l**2 + 3*l + 5. Let m be t(5). Let k be ((-34)/5)/(m/25). Let w = -18 + k. Does 4 divide w?
True
Let g = -54 + 33. Let f = g - -28. Does 2 divide f?
False
Let o = 1453 + -856. Is 124 a factor of o?
False
Let w be 23674/190 + (-2)/(-5). Let q = 262 - w. Is 12 a factor of q?
False
Let c be (-2)/(-5) + 6/10. Let s(r) = -5*r**2 + 3*r**2 - 20*r**3 - 25*r**3 + 73*r**3 - 1 + 2*r. Does 7 divide s(c)?
False
Let p = 0 + -2. Let n(c) be the third derivative of -c**6/120 + c**5/30 + c**4/6 + c**3/3 - 36*c**2. Is n(p) a multiple of 7?
False
Let r(j) = -j**2 + 2*j - 14. Let f(o) = o**2 - 2*o + 13. Let z(i) = 4*f(i) + 3*r(i). Is z(7) a multiple of 10?
False
Suppose -5*w + 36 - 11 = 0. Suppose w*o = 430 + 440. Is 38 a factor of o?
False
Let t = -751 - -966. Does 4 divide t?
False
Let w = -1 + 1. Suppose w = -3*i - 12, -3*r + 4*i + 336 = i. Suppose -k + 4*k = r. Is k a multiple of 9?
True
Suppose 3*k = 15, 4*i + k - 991 = 6*k. Is 38 a factor of i?
False
Suppose -5*c + 1 = 4*b - 9, 5*c + b = 25. Is 60 a factor of c/3*(-9)/(-6) - -340?
False
Let j(y) = 2*y**2 + 15*y + 4. Is 27 a factor of j(-10)?
True
Let h be 8/4 + 0/2. Suppose f - 65 + 10 = 4*j, f = h*j + 59. Let n = f - 40. Does 8 divide n?
False
Let k = 123 - 209. Let v = k - -134. Is v even?
True
Suppose -4*z + 2*a - 105 = -5*z, 3*z - 320 = -5*a. Does 3 divide z?
False
Let x be ((-4)/(-3))/((-2)/6). Let p be (-2)/x - 51/(-2). Let r = -15 + p. Is r a multiple of 6?
False
Is 9 a factor of 2432/9 - 1*4/18?
True
Is 0*2/6 + 520 + -4 a multiple of 43?
True
Suppose -2*h + 91 = -3*g, 2*h + 16*g - 20*g = 88. Is h a multiple of 25?
True
Let s(o) = 2*o**2 + 11*o - 10. Let i be 369/(-33) + (-6)/(-33). Let w be s(i). Suppose 4*r + 3*c = r + w, 3*r + 5*c = 121. Does 16 divide r?
True
Let d(a) = -3 + 8*a + 3 + 3. Is 4 a factor of d(4)?
False
Suppose z = 4*d - 651, 0 = -d - 2*z - z + 179. Is 41 a factor of d?
True
Suppose -2*c + t + 206 = -28, -3*t - 472 = -4*c. Is c a multiple of 5?
True
Suppose -4 = -5*b - 29. Suppose -3*z = -5*w + 23, -2*z + 13 + 23 = 4*w. Let l = w - b. Is 12 a factor of l?
True
Suppose 162 = g + 3*i, 496 = 4*g - g + 4*i. Let m = g + -97. Is m a multiple of 10?
False
Let o be 2/(-13) - (-63)/(-13). Let k(d) = -5*d**2 + 2*d + 1. Let n be k(4). Let w = o - n. Is w a multiple of 22?
True
Let q(x) = -x + 14. Let b be q(10). Does 8 divide -4*(0/(-1) - b)?
True
Let r be (-735)/(-1) - (3 - 0). Suppose 96*y = 100*y - r. Does 31 divide y?
False
Let b = 423 + 329. Is 16 a factor of b?
True
Suppose 0 = 250*k - 240*k - 5400. Is 54 a factor of k?
True
Let n be 12/8*(-111 - -1). Let y be -10*(-11)/(n/54). Let l = y - -51. Does 5 divide l?
True
Let m(h) = 2*h**2 - 2*h - 1. Let x be m(-2). Let r(f) = -f**2 + 12*f + 2. Let n be r(x). Let d = 36 + n. Is d a multiple of 10?
False
Let g(l) = 4*l**3 - l - 3. Let n be g(2). Let x = -9 + n. Is 12 a factor of x?
False
Let i = 4 + 60. Is 12 a factor of 4/((-16)/(-3))*i?
True
Let a be 0/(4 - 10) - (-1 - -7). Let c(u) = u**2 + 4*u + 9. Is c(a) a multiple of 21?
True
Let i = -28 - -38. Is 425/(i/2) - 6/(-2) a multiple of 11?
True
Let n(c) = -c**3 - 5*c**2 - 13*c + 8. Let u(d) = -2*d**3 - 4*d**2 - 14*d + 9. Let a(l) = -3*n(l) + 2*u(l). Does 43 divide a(4)?
True
Let x(g) = 8*g**2 + 14*g + 8. Let o be x(-11). Suppose -13*k + o = -7*k. Does 25 divide k?
False
Suppose 0 = 3*g - 5*i - 389, -4*g - i + 483 = -28. Is 32 a factor of g?
True
Suppose 27*x = -2*x + 33408. Does 10 divide x?
False
Suppose -25 = -5*r, -5 = 4*y - y + 2*r. Is -85*(y + 66/15) a multiple of 17?
True
Suppose 466 = -25*h + 27*h. Is h a multiple of 66?
False
Let l(c) = -c**3 + c**2 - 7*c + 160 + 3*c - 115 - 9*c**2. Does 6 divide l(-7)?
True
Is 36 a factor of (3120/(-14))/((-498)/(-63) - 8)?
True
Suppose -2*t + 33 = 5*s, -2*s - 1 + 11 = 0. Suppose -t*o = -16, -2*b + 0*o + 154 = 2*o. Is b a multiple of 12?
False
Suppose -60*q = -26*q - 92140. Does 16 divide q?
False
Let m(k) = -6 + 2 - 5*k - k**3 + k**2 - 6*k**2. Let s be m(-3). Is 30*(s/2 + 4) a multiple of 7?
False
Suppose 0*q - q = 106. Let s be 382*-1*(-17)/34. Let y = s + q. Does 17 divide y?
True
Let u(t) = t**3 - 9*t**2 + 8*t + 3. Let r be u(8). Suppose 0 = a + 5*i + 28, 7 = -a - r*a + i. Let s(q) = -3*q**3 - 4*q**2 - 5*q - 3. Is 20 a factor of s(a)?
False
Let k(w) = 8*w**2 - 41*w - 36. Does 41 divide k(12)?
False
Let j = -37 + 36. Let t(h) = -7*h - 1. Is 2 a factor of t(j)?
True
Suppose -4*t + 20 = 0, -t = 11*z - 12*z + 368. Does 21 divide z?
False
Suppose 2*c = 5*c - 456. Suppose -3*r + 2*x - c = -7*r, -5*x - 60 = -r. Suppose -3*n = -5*o - 74, 2*n + 4*o = 5*o + r. Is n a multiple of 9?
True
Let n = 5 + 13. Suppose 5*r + n = 3*r. Let h(v) = -v**3 - 8*v**2 + 6*v - 3. Is h(r) a multiple of 24?
True
Let p(c) = -c**3 - 6*c**2 - c. Let k be p(-6). Suppose -g + k = -3*s, -4*s - 3 = -s. Is g + 38 - (2 - 0) a multiple of 11?
False
Is 1/3 - ((-2528)/12)/1 a multiple of 42?
False
Suppose -s + 2*k = -6*s + 21, -s + 2*k - 3 = 0. Suppose y + 1 - 4 = 0. Suppose -2*z - 83 = -y*z + 5*h, -2*h = -s*z + 197. Does 21 divide z?
True
Let k(m) = 2*m**2 + 17*m + 8. Let w be k(-8). Suppose 4*l - 7*l + 237 = w. Is 44 a factor of l?
False
Let g(m) = -m**3 - 10*m**2 - 4*m + 3. Is g(-10) even?
False
Let h(t) be the third derivative of -13*t**7/840 - t**6/360 + t**3/3 - 2*t**2. Let l(u) be the first derivative of h(u). Is 4 a factor of l(-1)?
True
Let p = 90 + -59. Suppose -3*h + 2*j + 28 = 0, 3*h + 2*j - p = j. Let a(r) = 4*r - 10. Is a(h) a multiple of 10?
True
Suppose 4*q - 4 = 2*n + 2*n, 2*n - 10 = -q. Suppose 0 = -0*l - n*l + 234. Let s = l - 43. Is s a multiple of 14?
False
Suppose -327*a - 3570 = -334*a. Does 19 divide a?
False
Suppose -2*t - 20 = 3*t. Let v be -2*t/(0 + 2). Let k = v + 15. Is k a multiple of 19?
True
Let q(d) = -5*d. Let l be q(-8). Suppose 0*a + 2*v + 124 = 5*a, -2*a + 4*v + l = 0. Is 4 a factor of a?
False
Let c(w) = w**3 - 5*w**2 - 7*w + 12. Let z be c(8). Suppose 5*x = 3*j - z - 417, -x - 96 = -4*j. Is 7 a factor of (-1)/(2 - x/(-56))?
True
Suppose 3*x + 44 = o, o - 4*x - 22 - 22 = 0. Let z(c) = -c**3 - 2*c**2 + 5. Let s be z(-5). Let k = s - o. Does 12 divide k?
True
Suppose -2*o - o = -6. Let j be ((-48)/32)/((-1)/o). Suppose -4*d - 4*p + 44 = -8, 2*d - 25 = -j*p. Does 14 divide d?
True
Let k(z) = 